 (base 10) to base 15.
-27
Convert 332 (base 6) to base 12.
a8
-3 (base 13) to base 16
-3
Convert -21 (base 4) to base 15.
-9
Convert -22 (base 3) to base 15.
-8
Convert 234 (base 6) to base 15.
64
-1 (base 10) to base 16
-1
What is 34 (base 8) in base 3?
1001
15 (base 13) to base 9
20
Convert 1a (base 12) to base 3.
211
Convert -83 (base 10) to base 12.
-6b
Convert -2 (base 6) to base 13.
-2
Convert -1 (base 13) to base 15.
-1
Convert 0 (base 4) to base 11.
0
What is 4 (base 13) in base 12?
4
Convert 15 (base 11) to base 10.
16
Convert -2 (base 7) to base 9.
-2
Convert -3 (base 5) to base 10.
-3
1 (base 6) to base 8
1
What is 23 (base 13) in base 14?
21
What is 4d (base 14) in base 16?
45
What is 1 (base 15) in base 6?
1
What is 5 (base 6) in base 15?
5
What is 3 (base 6) in base 15?
3
-10 (base 4) to base 5
-4
Convert -96 (base 13) to base 16.
-7b
What is 2 (base 7) in base 6?
2
b (base 12) to base 8
13
Convert -3 (base 11) to base 9.
-3
11010 (base 3) to base 4
1233
What is -11 (base 6) in base 14?
-7
Convert 9 (base 10) to base 3.
100
Convert 11 (base 3) to base 2.
100
Convert 100 (base 2) to base 11.
4
What is -46 (base 8) in base 7?
-53
Convert -116 (base 8) to base 10.
-78
231 (base 10) to base 6
1023
Convert -2c (base 13) to base 6.
-102
Convert 126 (base 9) to base 15.
70
What is -2 (base 13) in base 2?
-10
Convert -22 (base 3) to base 6.
-12
What is 5 (base 9) in base 3?
12
-10001 (base 3) to base 14
-5c
What is 76 (base 8) in base 4?
332
0 (base 3) to base 9
0
What is 29 (base 12) in base 6?
53
Convert -3 (base 13) to base 11.
-3
What is 0 (base 10) in base 5?
0
Convert -6 (base 8) to base 14.
-6
324 (base 9) to base 16
109
-11 (base 3) to base 5
-4
Convert -7 (base 12) to base 7.
-10
-4 (base 7) to base 8
-4
What is -5 (base 10) in base 6?
-5
What is 14 (base 7) in base 6?
15
-11 (base 12) to base 14
-d
-2 (base 6) to base 12
-2
36 (base 10) to base 8
44
Convert 1343 (base 5) to base 8.
337
Convert -b (base 15) to base 12.
-b
What is 9 (base 12) in base 16?
9
36 (base 12) to base 11
39
b (base 13) to base 8
13
What is 27 (base 14) in base 2?
100011
-100 (base 2) to base 4
-10
-111 (base 2) to base 16
-7
Convert -13 (base 8) to base 2.
-1011
What is 10100 (base 2) in base 3?
202
What is 10 (base 4) in base 13?
4
What is -20 (base 9) in base 13?
-15
What is -1 (base 16) in base 13?
-1
-1 (base 7) to base 16
-1
Convert -4 (base 12) to base 3.
-11
-1 (base 11) to base 4
-1
What is -47 (base 16) in base 8?
-107
26 (base 7) to base 13
17
-1 (base 5) to base 16
-1
Convert -8 (base 11) to base 13.
-8
Convert -1 (base 16) to base 11.
-1
What is 80 (base 16) in base 8?
200
What is 1 (base 7) in base 5?
1
What is -2 (base 13) in base 3?
-2
-1 (base 5) to base 12
-1
-5 (base 11) to base 8
-5
What is -1040 (base 6) in base 5?
-1430
Convert -121 (base 3) to base 13.
-13
1 (base 6) to base 14
1
What is -49 (base 15) in base 5?
-234
Convert -1 (base 8) to base 15.
-1
What is 46 (base 10) in base 6?
114
Convert 132 (base 8) to base 2.
1011010
-4 (base 16) to base 12
-4
What is 0 (base 3) in base 10?
0
3 (base 14) to base 5
3
Convert 10 (base 3) to base 8.
3
-11 (base 4) to base 2
-101
-10 (base 16) to base 14
-12
Convert 35 (base 7) to base 12.
22
-13 (base 4) to base 15
-7
-14 (base 6) to base 7
-13
What is 4 (base 10) in base 16?
4
49 (base 10) to base 14
37
a (base 11) to base 10
10
What is -1101100 (base 2) in base 5?
-413
What is 1 (base 11) in base 16?
1
What is -2 (base 15) in base 16?
-2
33 (base 9) to base 13
24
What is 22 (base 10) in base 13?
19
Convert -2 (base 13) to base 10.
-2
What is 16 (base 12) in base 11?
17
What is 1 (base 14) in base 16?
1
What is -1002 (base 5) in base 3?
-11201
What is 15 (base 15) in base 4?
110
What is -30 (base 10) in base 8?
-36
5c (base 16) to base 6
232
4 (base 12) to base 8
4
-10 (base 7) to base 16
-7
0 (base 13) to base 15
0
217 (base 9) to base 15
bd
Convert 346 (base 8) to base 16.
e6
Convert -14 (base 8) to base 4.
-30
What is -10 (base 7) in base 5?
-12
3 (base 11) to base 12
3
Convert -31 (base 9) to base 3.
-1001
-200 (base 3) to base 16
-12
Convert 222 (base 4) to base 6.
110
70 (base 12) to base 13
66
-1 (base 7) to base 2
-1
-1 (base 15) to base 2
-1
Convert 27 (base 10) to base 2.
11011
Convert -1101 (base 2) to base 14.
-d
-3 (base 5) to base 15
-3
0 (base 6) to base 12
0
-5 (base 10) to base 14
-5
Convert 25 (base 15) to base 6.
55
-10 (base 6) to base 8
-6
What is -13 (base 6) in base 9?
-10
-344 (base 5) to base 13
-78
Convert -34 (base 13) to base 16.
-2b
6 (base 16) to base 15
6
-2 (base 9) to base 3
-2
-4 (base 10) to base 3
-11
Convert 22 (base 5) to base 15.
c
202 (base 5) to base 4
310
Convert 1 (base 4) to base 10.
1
What is 10 (base 2) in base 4?
2
What is 46 (base 9) in base 4?
222
What is -7a (base 11) in base 12?
-73
What is 11 (base 3) in base 4?
10
What is 20 (base 4) in base 7?
11
What is -1010 (base 3) in base 11?
-28
What is 1 (base 11) in base 13?
1
What is -1 (base 2) in base 13?
-1
2 (base 3) to base 16
2
-3b (base 13) to base 8
-62
What is -156 (base 9) in base 5?
-1012
Convert 18a (base 12) to base 8.
372
Convert -7a (base 12) to base 10.
-94
-5 (base 11) to base 14
-5
Convert 120 (base 4) to base 12.
20
-72 (base 11) to base 6
-211
What is 224 (base 6) in base 14?
64
Convert -23 (base 15) to base 10.
-33
Convert 33 (base 4) to base 7.
21
Convert 0 (base 7) to base 14.
0
What is -7 (base 16) in base 9?
-7
What is 16 (base 9) in base 5?
30
Convert 10 (base 5) to base 13.
5
What is -305 (base 8) in base 2?
-11000101
-3b (base 12) to base 15
-32
-102 (base 4) to base 2
-10010
Convert 1 (base 2) to base 5.
1
440 (base 6) to base 8
250
What is -166 (base 12) in base 15?
-ec
-c (base 13) to base 4
-30
What is 38 (base 11) in base 4?
221
11 (base 10) to base 5
21
What is -3 (base 15) in base 5?
-3
Convert 22 (base 4) to base 9.
11
-1 (base 8) to base 10
-1
What is -9d (base 16) in base 12?
-111
3 (base 12) to base 3
10
19 (base 11) to base 6
32
What is 51 (base 8) in base 14?
2d
Convert -148 (base 15) to base 10.
-293
Convert 3 (base 9) to base 16.
3
What is -100 (base 3) in base 4?
-21
Convert 48 (base 11) to base 13.
40
What is 1a (base 13) in base 10?
23
48 (base 10) to base 13
39
Convert 125 (base 14) to base 16.
e5
Convert 0 (base 7) to base 8.
0
What is 1212 (base 3) in base 4?
302
Convert -2 (base 8) to base 6.
-2
What is -1 (base 13) in base 7?
-1
Convert 123 (base 8) to base 9.
102
-1010100 (base 2) to base 14
-60
126 (base 11) to base 5
1044
What is 5 (base 10) in base 9?
5
Convert -1 (base 10) to base 15.
-1
-2 (base 13) to base 4
-2
What is -10 (base 3) in base 9?
-3
What is 5 (base 13) in base 15?
5
What is 22 (base 4) in base 12?
a
What is 12 (base 6) in base 4?
20
-10 (base 2) to base 8
-2
4 (base 8) to base 14
4
2 (base 8) to base 14
2
-9 (base 12) to base 16
-9
Convert -1103 (base 5) to base 11.
-12a
Convert 1 (base 2) to base 5.
1
Convert -12 (base 15) to base 2.
-10001
What is 0 (base 2) in base 14?
0
-12 (base 12) to base 2
-1110
Convert 14 (base 14) to base 12.
16
What is 110 (base 3) in base 7?
15
Convert 2d (base 16) to base 13.
36
Convert -46 (base 16) to base 13.
-55
Convert 200 (base 4) to base 5.
112
47 (base 13) to base 10
59
Convert 15 (base 6) to base 5.
21
Convert -14 (base 15) to base 4.
-103
Convert 11 (base 4) to base 6.
5
-28 (base 15) to base 3
-1102
What is 5 (base 9) in base 4?
11
What is -42 (base 5) in base 14?
-18
Convert 44 (base 7) to base 5.
112
Convert 4 (base 15) to base 5.
4
-3 (base 5) to base 16
-3
What is -1 (base 12) in base 4?
-1
What is -6 (base 8) in base 4?
-12
Convert -11e (base 15) to base 16.
-fe
a4 (base 15) to base 2
10011010
20 (base 10) to base 3
202
-231 (base 6) to base 14
-67
0 (base 5) to base 8
0
What is 11 (base 8) in base 2?
1001
What is 10 (base 8) in base 3?
22
What is 6 (base 10) in base 8?
6
What is -4 (base 13) in base 14?
-4
What is 3 (base 12) in base 3?
10
What is -8 (base 9) in base 5?
-13
Convert -3 (base 14) to base 5.
-3
What is -35 (base 16) in base 2?
-110101
What is -2 (base 11) in base 6?
-2
What is 2 (base 7) in base 9?
2
Convert 0 (base 2) to base 14.
0
Convert -5 (base 7) to base 6.
-5
-5 (base 6) to base 12
-5
79 (base 16) to base 15
81
What is -9 (base 14) in base 16?
-9
What is 